d 7?
7
Suppose -54*s - 458 = -2*j - 56*s, -4*j + 2*s = -910. Let u = -203 + j. What is the highest common divisor of u and 1?
1
Let p(v) = v - 14. Let h be p(17). Suppose -h*k - 27 = f - 4*f, 62 = 3*f + 4*k. What is the highest common divisor of f and 350?
14
Suppose -3*p + 4764 = -4*c, 6*c = 4*c + 12. What is the highest common divisor of p and 588?
84
Let k be 33 + (-1 + 2 - 1). Let m be ((-8)/(-12) - 6/9) + 6. Calculate the highest common divisor of m and k.
3
Suppose 544 = 47*m - 43*m + 3*v, 3*v = 3*m - 387. Calculate the greatest common factor of 779 and m.
19
Let q(n) = -15*n**2 - 18*n + 4. Let x(w) = 7*w**2 + 9*w - 2. Let f(i) = -6*q(i) - 11*x(i). Let r be f(4). What is the greatest common factor of r and 154?
22
Suppose 3*v - 8*v - 9 = 4*g, -4*v = 3*g + 8. Suppose -3*b + 132 = -0*b + 3*w, 0 = -3*b - g*w + 134. Calculate the highest common factor of 14 and b.
14
Let u(l) = 2*l**2 + 12*l + 8. Let k be u(-6). Suppose 0 = s - 6 + k. Let c be (s/(-3))/(7/168). Calculate the highest common factor of 2 and c.
2
Suppose 65*t = -70*t + 34965. Calculate the highest common factor of 644 and t.
7
Let w be (-82448)/(-39) - 346/6747. What is the highest common factor of 98 and w?
14
Suppose -30435 = -88*o + 13125. What is the greatest common factor of 144 and o?
9
Let t = 68 - 43. Suppose -1 = m + 2*u, -u + t = 2*m - 6*u. Suppose 0 = -c - m + 60. Calculate the highest common factor of 44 and c.
11
Suppose 0 = -5*j, s - 2*j + 3*j - 126 = 0. Calculate the greatest common factor of s and 1344.
42
Suppose 0 = -4*i - 5 + 13. Let y be (-4)/1 + i/((-6)/(-33)). Suppose -y*r + 68 = 12. Calculate the greatest common divisor of r and 4.
4
Suppose 0 = -3*q + 3*i - 75 + 372, 2*q + i - 213 = 0. Calculate the greatest common factor of 702 and q.
26
Let o be (804/(-18) - -6)/((-48)/180). Calculate the greatest common divisor of 55 and o.
5
Suppose 0 = -91*f - 55*f + 3066. What is the highest common divisor of 679 and f?
7
Let h = 155 - -1. Suppose 0 = -8*k + 4*k + h. Calculate the highest common divisor of 3 and k.
3
Suppose -4*y = 3*a - 57, -9*a + 1 = -10*a. Let v be (16/6)/(-4 - (-65)/y). Calculate the greatest common factor of v and 8.
8
Let d be -10*6/(-15)*-1 - -94. Suppose d = -89*p + 94*p. Calculate the highest common factor of p and 6.
6
Let h(a) = 3*a - 8. Let m(d) = 6*d - 1. Let b be m(1). Let g be h(b). Let q = -757 + 758. What is the greatest common divisor of g and q?
1
Let s = -207 + 212. Suppose -y - 5*n + 52 = -n, -s*y + 3*n + 329 = 0. Calculate the greatest common factor of 2 and y.
2
Suppose -4*u + 9*u = g - 259, 3*g + 2*u = 862. Suppose -2*w - 4*z + g = 0, 5*w - 5*z + 7*z = 718. Calculate the highest common factor of 648 and w.
72
Suppose -2*b + 4*j - 8 + 20 = 0, -4*b + 4*j + 12 = 0. Let a = 12 + b. Let y be 0/(a/(-3)) - -55. What is the highest common divisor of 22 and y?
11
Let w(y) = y**3 + 9*y**2 - 19*y + 36. Let h be w(-11). Let q(d) = -20*d + 64. Let l be q(h). Calculate the highest common factor of 188 and l.
4
Let z(q) = 2*q**3 + 5*q**2 + 23*q + 33. Let d be z(8). What is the greatest common divisor of d and 7?
7
Let f = 15516 + -15288. What is the highest common divisor of f and 5871?
57
Let k(n) = -2*n**3 - 20*n**2 + 64*n + 577. Let u be k(-12). Calculate the highest common divisor of 220 and u.
55
Let y = 1352 + 279. What is the greatest common divisor of 21 and y?
7
Suppose -3*m = -t + 1, -4*t + 9*m = 6*m - 4. Let j be (148/7)/((-20)/28 + t). Calculate the greatest common factor of 333 and j.
37
Suppose 0 = 10*v - 2311 - 29. Suppose -v*x = -228*x - 12. What is the highest common divisor of x and 26?
2
Let f(a) = a**3 - 61*a**2 + 195*a - 3. Let d be f(3). What is the greatest common factor of d and 670?
10
Let w(s) = 289 - 23*s**2 + 28*s - 213 + 33*s**2 + s**3. Let y be w(-4). Calculate the greatest common divisor of y and 96.
12
Suppose 0 = 3*q - 4*q - 8. Let z be 465/12 + (-2)/q. Let s = 5066 + -4832. Calculate the greatest common factor of s and z.
39
Let z = -692 + 691. Let i be ((-22)/(-385)*-7)/(z/135). What is the highest common divisor of i and 198?
18
Let j = 246 + -242. Suppose -23*h = -j*h - 2166. What is the highest common factor of 190 and h?
38
Let o(z) = -z + 28. Let m = -54 + 79. Suppose j = 3*k - 52, 2*k + 5*j = -m + 71. Let s be o(k). Calculate the greatest common factor of 20 and s.
10
Let o(r) = -64*r**3 - 11*r**2 - 13*r - 3. Let z be o(-1). What is the highest common divisor of 36 and z?
9
Suppose -138*m + 67160 = -16*m + 24*m. Calculate the highest common factor of 820 and m.
20
Let a(y) = 2*y**3 - 69*y**2 + 92*y - 15. Let b be a(34). Calculate the greatest common factor of 76 and b.
19
Let c = -11017 + 11080. Calculate the greatest common factor of 12411 and c.
63
Let p(f) = f**3 + 115*f**2 + 134*f + 2316. Let q be p(-114). What is the highest common divisor of q and 19692?
36
Let w = -23 + 50. Let c = -167 + 506. Suppose -21*i + 39 = -c. Calculate the greatest common divisor of w and i.
9
Let j = 10570 - 9990. Calculate the highest common divisor of 60 and j.
20
Suppose 2*a - 2000 = 1240. What is the greatest common divisor of a and 20?
20
Suppose -281216*p + 527 = -281199*p. Calculate the greatest common factor of 6541 and p.
31
Suppose 5*g = -w + 183, -5*w + 0*w - g = -843. Suppose 0 = -2*x - w + 760. What is the highest common divisor of 74 and x?
74
Let c = 6810 - 5849. What is the greatest common divisor of 248 and c?
31
Let o(i) = -9*i**3 + 2*i**2 + 64*i + 189. Let n be o(-3). What is the greatest common divisor of 731 and n?
43
Let o = -33941 - -33992. What is the greatest common divisor of 11679 and o?
51
Suppose -c + 4 = w - 5, 5*w - 38 = 2*c. Suppose -4 = -w*m + 52. What is the greatest common factor of m and 28?
7
Suppose 0 = -2*z - 5*o + 3330, 2*o + 9379 = 4*z + 2671. Calculate the highest common factor of 100 and z.
25
Let p = -94 + 96. Suppose -2*i = -n - 2*n + 212, -i - 141 = -p*n. Calculate the highest common divisor of 40 and n.
10
Let p = -658 + 196. Let o be (p/4)/(42/(-56)). What is the greatest common factor of 70 and o?
14
Suppose 0 = -3*t + 12, -5*x = -t - 8 - 48. Calculate the greatest common factor of 4044 and x.
12
Let d = -26 - -87. Let b = 98 - d. Let v = 117 - 43. What is the highest common factor of v and b?
37
Let k be (11 - 9 - 9)*-6*1. Let o = -2 + k. Calculate the highest common divisor of o and 440.
40
Let b(i) = i - 1. Let r be b(6). Let m be 31 - 39 - -10 - (1 - 2/2). Suppose 54 = m*j + 5*f + 7, f = -r. What is the highest common divisor of 90 and j?
18
Let a be (-202 + (-1 - 1))*4/(-16). Calculate the greatest common factor of 187 and a.
17
Let o be (-11 - (-12 - -145))*(-9)/12. Let h(k) = 2*k - 3. Let i be h(4). Suppose -68 = -i*n - 8. What is the highest common divisor of n and o?
12
Let m(o) = o - 17 - 3*o + 7 - 18. Let k be m(-14). Suppose -4*s + 281 + 335 = k. What is the highest common factor of 14 and s?
14
Let f(l) be the first derivative of 2*l**3/3 + 59*l**2 + 51*l - 315. Let k be f(-59). Let q be (-1)/3 + 52/3. What is the greatest common factor of q and k?
17
Let x = 135 + -92. Let m = x + 7. Suppose 35 = 5*n - m. Calculate the highest common factor of 85 and n.
17
Let v = 17572 - 17514. What is the highest common divisor of v and 27782?
58
Let g = 6092 - 5085. What is the highest common factor of 159 and g?
53
Let g be (2/4*6)/((-1011)/(-36733)). What is the greatest common factor of 654 and g?
109
Let m be 13 + (-942)/72 - 3853/(-12). Calculate the greatest common factor of m and 9.
3
Let h be (-291)/(-42) - (-10)/140. Suppose -5*t + 3472 = 4*m, -3*t + 11*m + 2096 = h*m. Calculate the highest common factor of t and 24.
24
Suppose -3 = -2*p + 3. Suppose 0*l + 50 = -5*l + x, 3*l = -p*x - 48. Let d(z) = -z + 25. Let o be d(l). What is the greatest common factor of 180 and o?
36
Suppose -5*x + 3*f + 3133 = -f, -5*f - 1872 = -3*x. Suppose -2*i = -41*o + 39*o - 98, -216 = -4*i - 6*o. What is the greatest common divisor of x and i?
17
Suppose q + 7*a - 102 = 0, -5*q - 51*a + 438 = -52*a. Calculate the greatest common factor of 187 and q.
11
Let f be 8 + (2 - -4 - 5). Suppose y + 3*a - 9 = 2*a, 6 = 2*a. Calculate the highest common divisor of f and y.
3
Let n be (0 + 2)*882060/122. What is the highest common factor of n and 120?
60
Suppose 0 = 148*h - 65857 - 6734